a**2 - 2*a. What is k(g)?
0
Let q(y) be the first derivative of y**5/120 - 7*y**4/12 - 2*y**3/3 + 7. Let g(z) be the third derivative of q(z). Calculate g(7).
-7
Let j(f) = -f**3 - 6*f**2 - 5*f + 2. Suppose -5 = -c + 2*c. Calculate j(c).
2
Let t(n) = -19*n + 23*n + 4 - 7*n**2 + n**3 + 0*n**3 + 0*n**3. What is t(6)?
-8
Let a(v) = -v - 5. Let c(t) = 1. Let h(j) = a(j) + 2*c(j). Let w be (0 + -1 + 1)/(-2). Calculate h(w).
-3
Suppose -3*q = -3*j - 12, 2*q = -2*j - 2*q + 4. Let x(d) = d**2 + 4*d - 5. Let y be x(-5). Let z(n) = 1 + y + 4*n + 2. Calculate z(j).
-5
Let z(o) = -12*o + 7. Let y(b) = -26*b + 13. Let q(i) = 51*i - 26. Let m(h) = -3*q(h) - 5*y(h). Let p(x) = -6*m(x) + 11*z(x). Give p(2).
11
Let n(t) be the second derivative of t**4/12 - t**3/3 + 2*t**2 - 4*t. Let s(d) be the first derivative of n(d). What is s(-3)?
-8
Let w(s) = 2*s**2 + 5*s + 3. Let b(l) = 1 + l**2 + 2 + 1 - 3 + 5*l. Let v = 10 - 14. Let o be b(v). Determine w(o).
6
Let d(b) be the first derivative of -b**4/2 + b**2/2 + 2*b + 2. Determine d(2).
-12
Suppose -1 = -3*f - 7. Suppose 3*k - 2 - 4 = 0. Let h(i) = 2*i + 2*i + k - i. What is h(f)?
-4
Let o(z) = -7*z**3 + 9*z**2 - 3*z + 3. Let h(s) = -s**3 + s**2 - s + 1. Let q(p) = 6*h(p) - o(p). Let u(i) = i - 5. Let m be u(7). Give q(m).
-7
Suppose -2*z - 3*n + 11 = 0, 3*n - n + 18 = 5*z. Let m(v) = v**2 - 5*v + 4. Calculate m(z).
0
Let q = -29 + 33. Let k(o) = -o**2 + 3*o + 2. Determine k(q).
-2
Let r(p) = 3*p - 2. Let k(q) = q. Suppose 0 = 2*v - 5*v + 3. Let a(s) = v*r(s) - 4*k(s). Calculate a(2).
-4
Let o = -3 - -2. Let z be 0 + 0 - o/1. Suppose 3*j + z = -11. Let r(g) = g**3 + 4*g**2 - g + 1. Give r(j).
5
Let m(c) be the first derivative of -c**3/3 - c**2/2 + c - 2. Suppose 2*x - 6 = 0, 2 = w + 4*x - 12. Calculate m(w).
-5
Let m(t) = 4*t**2 + t + 2. Let a(h) = h**3 - 5*h**2 + 2*h + 6. Let n be a(4). Give m(n).
16
Let x(t) = -60*t**2 - 6*t - t + 58*t**2 + 2*t. Give x(-4).
-12
Let o(i) = i**3 + 5*i**2 + 4. Suppose 5 = -2*f - 2*a - 3, 0 = -5*f - 3*a - 22. What is o(f)?
4
Let t(j) = 3*j + 5. Suppose 6 = 3*z, -r - 8 = -3*z + 2*z. Give t(r).
-13
Let v(l) = l**3 + l**2 - 5*l - 2. Let j be 55*(-2 + 0 - -3). Let m be 1/(-4) + j/(-20). Give v(m).
-5
Let j(o) be the first derivative of -o**3/6 + 3*o - 1. Let k(q) be the first derivative of j(q). Let g(f) = -f. Let p(l) = -6*g(l) + 5*k(l). What is p(-3)?
-3
Let a be (-2)/1 + (1 - -2). Let v(r) = r. Let l(j) = -j. Let c(x) = 7*l(x) + 6*v(x). Let h(g) = g**2 - 10*g + 1. Let t(q) = a*h(q) - 4*c(q). What is t(3)?
-8
Let r(w) be the first derivative of w**2/2 + 5*w - 7. Suppose 0 = 2*j - 3*x + 3 - 14, 0 = 5*j - 4*x - 10. Let k be j/(-4)*0*-1. Give r(k).
5
Let k(j) = j**2 - 4*j - 1. Suppose -3*u + 7*u - 20 = 0. Let c be -4 + u + 1 + 0. Give k(c).
-5
Let z(u) = -u + 3 - 5*u**2 + 4*u**2 + 1 - u. Give z(-5).
-11
Let v(o) = 11*o**3 + 7*o**2 - 11*o - 21. Let a(y) = -7*y**3 - 5*y**2 + 7*y + 14. Let m(r) = -8*a(r) - 5*v(r). Give m(-5).
-2
Let i(y) = y**2 + 7*y + 5. Suppose 3*m = f + 6 - 0, 9 = -m + 4*f. Suppose 5*h + m*s - 63 = -3, 60 = 5*h + s. Let z = -18 + h. Give i(z).
-1
Let m(o) = 4 - o**3 + 2*o + 4 - 4 + 2*o**2. Calculate m(3).
1
Let q(v) = -v - 1. Suppose -2*t = d + 2*t, 10 = -2*d + 2*t. Let r be q(d). Let l(s) = -2 + 4 - 4 + 2*s. Determine l(r).
4
Let d be ((-3)/(-2))/((-15)/(-20)). Let g(x) = -x**3 - 5 + 2*x**2 - 2*x + 2*x**3 + d. Let b be ((2/(-3))/1)/(14/63). What is g(b)?
-6
Let a = -12 + 0. Let u be ((-1)/(-3))/((-1)/a). Let o(z) be the second derivative of -z**5/20 + z**4/3 + z**3/2 - 2*z**2 + z. What is o(u)?
8
Let u(y) = -3*y - 1. Let x be u(2). Let i(q) = -q**2 - 7*q + 4. Determine i(x).
4
Let q(x) = x + 12. Suppose -d = -23 + 28. Give q(d).
7
Let v(r) = -r + 2. Let x(i) = i**3 + 6*i**2 + 2*i + 10. Let t be x(-6). Let f be v(t). Let p(q) = -q**3 + 2*q**2 + 5*q + 2. Determine p(f).
-10
Let s(x) = -4*x - 7 - 5*x - 6*x**2 + 3*x - x**3. Let t = -22 + 17. Calculate s(t).
-2
Let l(o) = -3 - 4*o + o + 2*o. Let d(b) = -4*b**2. Let n be d(1). Give l(n).
1
Let m(o) be the third derivative of -o**6/120 - 3*o**5/20 - 7*o**4/24 - o**3/2 + 7*o**2. Determine m(-8).
-11
Let m(r) = -6. Let h = -11 - -21. Let y(q) = q - 10. Let z(c) = -2*c**2 - c. Let v be z(-2). Let b(d) = h*m(d) + v*y(d). What is b(1)?
-6
Let b(f) = -2*f - 14. Let n(s) = 3*s + 20. Let q(a) = -7*b(a) - 5*n(a). Give q(-6).
4
Let d(h) = h - 5. Let v(y) = y**2 + 6*y. Let i be v(-6). Determine d(i).
-5
Let x = 7 + -4. Let c(u) = -2 + x*u + 3 - u. Calculate c(1).
3
Let x(p) = 2*p + 4. Let u(b) = -b**3 + 13*b**2 + 2*b - 31. Let n be u(13). What is x(n)?
-6
Let d(s) = -s**2 - 2. Let c(i) = -i**3 - 7*i**2 + 9*i + 8. Let f be c(-8). Calculate d(f).
-2
Suppose 3 = -3*k + k + o, 3*o - 1 = 4*k. Let y(f) = -4*f**2 - 4*f - 1. Let d(i) = -3*i**2 - 3*i - 1. Let j(z) = k*y(z) + 5*d(z). Determine j(-3).
5
Let f(k) = -16*k**2 - 7*k - 1. Let u(s) = -3*s**2 - s. Let o(a) = -2*f(a) + 11*u(a). Determine o(4).
-2
Let a(o) = o**3 - 7*o**2 + 9*o - 11. Let i(w) = w**3 - 6*w**2 + 9*w - 11. Let c(t) = 3*a(t) - 2*i(t). Give c(8).
-3
Let h(j) = -2*j - 3 - 7 + 4. Give h(-6).
6
Let s(w) be the second derivative of w**4/12 + w**2/2 - 7*w. Calculate s(-2).
5
Let z(d) = -d**3 + 4*d**2 + 2. Let f = 66 + -62. What is z(f)?
2
Let x(n) be the third derivative of -5*n**4/24 + n**3/6 + 2*n**2. Suppose -o = p - 14, -4*o - 15 - 9 = -4*p. Let c = 9 - p. Calculate x(c).
6
Let z be (8 + 0)/4 - 0. Let t(x) be the first derivative of -3 - 3*x - 1/2*x**z. Give t(3).
-6
Let y(p) = -5*p**2 + 13*p. Let f(n) = 10*n**2 - 28*n. Let a(c) = 6*f(c) + 13*y(c). Determine a(-1).
-6
Let r(o) = o + 6. Suppose 9*p = 4*p + 25. Suppose 2*i - 24 = p*i. Let q = i + 3. Give r(q).
1
Let g(r) = -2*r**2 + r**2 + 3 - 8 - 6*r. What is g(-4)?
3
Let l(j) = -2*j**2 + 4*j. Let d(p) = 3*p - 15. Let t be d(6). Calculate l(t).
-6
Let t(i) = -i**2 + i + 1. Let z(w) = 5*w - 2. Let j(d) = d**3 - 6*d**2 - 5. Let a be j(6). Let m = 7 + a. Let y(r) = m*t(r) - z(r). What is y(-3)?
-5
Let v(h) = h - 3. Suppose 0 = -3*n - 3*s + 24, -2*n - 15 = -4*n - 3*s. Suppose -4*b = -g - 7, 2*b + n = 5*b. Suppose g*j - 6 = 19. Give v(j).
2
Let b(u) = -2*u + 4*u + 8*u**2 - 4*u**2 - 3*u**2. What is b(2)?
8
Let m(j) = -87*j - 84*j + 172*j + 10*j**3 - 2*j**2. Suppose 0 = -5*z - 4*l + 9, -l - 7 = -4*z - 4*l. What is m(z)?
9
Let m(k) = 0*k**2 + 8*k - 61 - k**2 + 66. Give m(7).
12
Let b be 1*4/4 - 8. Let z be ((-5)/3)/(b/21). Let q(l) = -4*l**2 + 7*l - 9. Let o(n) = -n**2 - 1. Let a(d) = 3*o(d) - q(d). What is a(z)?
-4
Let p(b) = -b - b**3 + 1 + 4*b**2 - 5*b**2 - 2. Let s = 8 - 8. Suppose 3*a = -s*a. Calculate p(a).
-1
Let n(h) = -13*h + 1. Suppose 2 = -2*v - 0. Determine n(v).
14
Let l(g) = -g - 15. Let m be l(-6). Let c(z) = z + 8. Give c(m).
-1
Let s(d) = -3*d + 6. Let t = -14 - -18. Determine s(t).
-6
Let j(y) = -2*y**2 + 14*y - 24. Let z be j(5). Let a(q) = q**3 + 5*q**2 + 4*q + 6. Give a(z).
6
Suppose t + 9 = -4*a, 21 = 4*t - 3*a - 0*a. Suppose -t*d + d = 0. Let s(w) = d*w**3 + 4*w**3 + 2*w**2 - 3*w**3 + w - 2*w - 3. Give s(-3).
-9
Let r = -1 + -4. Let d = r - -7. Let j(s) = -s**2 - s + 0*s**3 - d*s**3 + s**3 - 3*s**2 - 3. Give j(-3).
-9
Let c be -2 - 24/(-13) - (-912)/(-156). Let u(g) = -g**3 - 6*g**2 - g + 7. Determine u(c).
13
Let l(u) = u. Let i = -2 + 3. Let p(w) = -2*w + 6. Let m(v) = i*p(v) + 4*l(v). Suppose -2*d + 4*d = -10. Give m(d).
-4
Let p(y) = -y - 4*y + y**3 - y**2 - y + 5*y. Let g(r) = r + 1. Let z be g(-2). Let n = z + 1. Calculate p(n).
0
Let y = 9 - 5. Let u(j) be the second derivative of j**5/30 - 7*j**4/24 + j**3 + 3*j**2/2 + 3*j. Let g(o) be the first derivative of u(o). What is g(y)?
10
Let d(b) = b**2 - 2*b - 1. Let a be d(-1). Let r(o) = o - o + a - o. Give r(3).
-1
Let f be (0 + 5/6)*2/10. Let a(g) be the second derivative of f*g**3 + 1/6*g**4 - g**2 + 2*g + 0. Give a(2).
8
Let f = 22 - 17. Let t(o) = -o**3 + 5*o**2. Let b be t(f). Let m(k) = -k**3 - k**2 - k + 1. Give m(b).
1
Let p(i) = -14*i**2 - 4*i + 9. Let h(w) = 5*w**2 + w - 3. Let f(t) = -11*h(t) - 4*p(t). What is f(-3)?
-9
Let y be 50/4*12/(-15). Let m be (-2)/5 + 6/y. Let c(k) = -2*k**3 + 2*k**2 - 5*k - 4. Let i(n) = n**3 + n**2 - n - 1. Let h(d) = -c(d) + 3*i(d). Give h(m).
-5
Let z(q) = -9*q + 2 - 2. Suppose 3*s = -3*f - 0*s - 15, 5*s + 17 = 3